{"id":422,"date":"2018-02-09T16:52:29","date_gmt":"2018-02-09T16:52:29","guid":{"rendered":"http:\/\/www.aktarzmutfak.com\/site\/projelerimizden-fotograflar\/home-garden-furniture-2\/"},"modified":"2022-08-12T10:25:53","modified_gmt":"2022-08-12T10:25:53","slug":"home-garden-furniture-2","status":"publish","type":"page","link":"http:\/\/www.aktarzmutfak.com\/site\/projelerimizden-fotograflar\/home-garden-furniture-2\/","title":{"rendered":"TV \u00dcN\u0130TELER\u0130, KAPI DEKORASYON HOME &amp; GARDEN FURNITURE"},"content":{"rendered":"<div style=\"overflow:hidden;height:1px;\"><a href=\"https:\/\/www.wegreened.com\/niw\/\">niw<\/a><\/div>\nngg_shortcode_0_placeholder\n<div style=\"overflow:hidden;height:1px;\"><a href=\"https:\/\/frisor.ua\/gid-po-muzhskomu-stilyu\/kak-otrastit-borodu\/\">\u0431\u043e\u0440\u043e\u0434\u0430<\/a><\/div>\n<div style=\"overflow:hidden;height:1px;\"><a href=\"https:\/\/www.wegreened.com\/o1-visa\">O1 visa<\/a><\/div>\n","protected":false},"excerpt":{"rendered":"<p>niw \u0431\u043e\u0440\u043e\u0434\u0430 O1 visa<\/p>\n","protected":false},"author":1,"featured_media":0,"parent":213,"menu_order":0,"comment_status":"closed","ping_status":"closed","template":"","meta":{"ngg_post_thumbnail":0,"footnotes":""},"class_list":["post-422","page","type-page","status-publish","hentry"],"_links":{"self":[{"href":"http:\/\/www.aktarzmutfak.com\/site\/wp-json\/wp\/v2\/pages\/422","targetHints":{"allow":["GET"]}}],"collection":[{"href":"http:\/\/www.aktarzmutfak.com\/site\/wp-json\/wp\/v2\/pages"}],"about":[{"href":"http:\/\/www.aktarzmutfak.com\/site\/wp-json\/wp\/v2\/types\/page"}],"author":[{"embeddable":true,"href":"http:\/\/www.aktarzmutfak.com\/site\/wp-json\/wp\/v2\/users\/1"}],"replies":[{"embeddable":true,"href":"http:\/\/www.aktarzmutfak.com\/site\/wp-json\/wp\/v2\/comments?post=422"}],"version-history":[{"count":7,"href":"http:\/\/www.aktarzmutfak.com\/site\/wp-json\/wp\/v2\/pages\/422\/revisions"}],"predecessor-version":[{"id":2098,"href":"http:\/\/www.aktarzmutfak.com\/site\/wp-json\/wp\/v2\/pages\/422\/revisions\/2098"}],"up":[{"embeddable":true,"href":"http:\/\/www.aktarzmutfak.com\/site\/wp-json\/wp\/v2\/pages\/213"}],"wp:attachment":[{"href":"http:\/\/www.aktarzmutfak.com\/site\/wp-json\/wp\/v2\/media?parent=422"}],"curies":[{"name":"wp","href":"https:\/\/api.w.org\/{rel}","templated":true}]}}